{"id":9,"date":"2023-07-31T17:01:18","date_gmt":"2023-07-31T17:01:18","guid":{"rendered":"https:\/\/bobstudio.vn\/?page_id=9"},"modified":"2025-09-23T16:18:42","modified_gmt":"2025-09-23T16:18:42","slug":"hoa-am-phoi-khi","status":"publish","type":"page","link":"https:\/\/dinhnhatprod.com\/?page_id=9","title":{"rendered":"H\u00d2A \u00c2M PH\u1ed0I KH\u00cd"},"content":{"rendered":"\n\t<div id=\"text-2355770189\" class=\"text\">\n\t\t\n\n<h5><span style=\"font-size: 90%;\">\ud83d\udc49 \u201cBi\u1ebfn \u00fd t\u01b0\u1edfng c\u1ee7a b\u1ea1n th\u00e0nh ca kh\u00fac ho\u00e0n ch\u1ec9nh \u2013 t\u1eeb beat, ph\u1ed1i kh\u00ed \u0111\u1ebfn mix\/master.\u201d<\/span><\/h5>\n\t\t\n<style>\n#text-2355770189 {\n  font-size: 0.8rem;\n  line-height: 1.3;\n  text-align: center;\n  color: #446084;\n}\n#text-2355770189 > * {\n  color: #446084;\n}\n<\/style>\n\t<\/div>\n\t\n\t<section class=\"section\" id=\"section_679881076\">\n\t\t<div class=\"bg section-bg fill bg-fill  bg-loaded\" >\n\n\t\t\t\n\t\t\t<div class=\"effect-snow bg-effect fill no-click\"><\/div>\n\t\t\t\n\n\t\t<\/div>\n\n\t\t<div class=\"section-content relative\">\n\t\t\t\n\n<div class=\"row row-small align-equal align-center row-divided\"  id=\"row-964387351\">\n\n\n\t<div id=\"col-2133191699\" class=\"col medium-12 small-12 large-6\"  >\n\t\t\t\t<div class=\"col-inner\"  >\n\t\t\t\n\t<div class=\"is-border\"\n\t\tstyle=\"border-color:rgb(39, 54, 71);border-width:0px 20px 20px 0px;margin:-0 -20px -20px 20px;\">\n\t<\/div>\n\t\t\t\n\n\n\t\t<div class=\"icon-box featured-box icon-box-top text-left\"  >\n\t\t\t\t<div class=\"icon-box-text last-reset\">\n\t\t\t\t\t\t\t\t\t\n\n\t<div id=\"text-741044372\" class=\"text\">\n\t\t\n\n<h3 style=\"text-align: center;\">G\u00f3i Acoustic<\/h3>\n\t\t\n<style>\n#text-741044372 {\n  font-size: 1.25rem;\n  line-height: 2;\n}\n<\/style>\n\t<\/div>\n\t\n\t<div id=\"gap-1858904184\" class=\"gap-element clearfix\" style=\"display:block; height:auto;\">\n\t\t\n<style>\n#gap-1858904184 {\n  padding-top: 10px;\n}\n<\/style>\n\t<\/div>\n\t\n\n\t<div id=\"text-368806758\" class=\"text\">\n\t\t\n\n<ul>\n<li style=\"text-align: center;\">\n<h6>Guitar \ud83c\udfb8 ho\u1eb7c Piano \ud83c\udfb9\u00a0<\/h6>\n<\/li>\n<li style=\"text-align: center;\">\n<h6>H\u1ee3p Cho Cover<\/h6>\n<\/li>\n<li style=\"text-align: center;\">\n<h6>Mix v\u00e0 Master <span data-text-color=\"alert\"><strong>TI\u00caU CHU\u1ea8N<\/strong><\/span><\/h6>\n<\/li>\n<li style=\"text-align: center;\">\n<h6>PRODUCER <span data-text-color=\"alert\">\u00a010 N\u0102M Kinh Nghi\u1ec7m<\/span><\/h6>\n<\/li>\n<\/ul>\n\t\t\n<style>\n#text-368806758 {\n  font-size: 0.75rem;\n}\n<\/style>\n\t<\/div>\n\t\n\t<div id=\"gap-1460460901\" class=\"gap-element clearfix\" style=\"display:block; height:auto;\">\n\t\t\n<style>\n#gap-1460460901 {\n  padding-top: 30px;\n}\n<\/style>\n\t<\/div>\n\t\n\n<a class=\"button alert is-outline is-xsmall expand\"  style=\"padding:0px 0px 0px 0px;\">\n    <span>1,000,000 \u0111<\/span>\n  <\/a>\n\n\n\n\t\t<\/div>\n\t<\/div>\n\t\n\t\n\n\t\t<\/div>\n\t\t\t\t\t<\/div>\n\n\t\n\n\t<div id=\"col-63790733\" class=\"col medium-12 small-12 large-6\"  >\n\t\t\t\t<div class=\"col-inner\"  >\n\t\t\t\n\t<div class=\"is-border\"\n\t\tstyle=\"border-color:rgb(39, 54, 71);border-width:0px 20px 20px 0px;margin:-0 -20px -20px 20px;\">\n\t<\/div>\n\t\t\t\n\n\n\t\t<div class=\"icon-box featured-box icon-box-top text-left\"  >\n\t\t\t\t<div class=\"icon-box-text last-reset\">\n\t\t\t\t\t\t\t\t\t\n\n\t<div id=\"text-728006204\" class=\"text\">\n\t\t\n\n<h3 style=\"text-align: center;\">G\u00f3i Ti\u00eau Chu\u1ea9n<\/h3>\n\t\t\n<style>\n#text-728006204 {\n  font-size: 1.25rem;\n  line-height: 2;\n}\n<\/style>\n\t<\/div>\n\t\n\t<div id=\"gap-273147532\" class=\"gap-element clearfix\" style=\"display:block; height:auto;\">\n\t\t\n<style>\n#gap-273147532 {\n  padding-top: 10px;\n}\n<\/style>\n\t<\/div>\n\t\n\n\t<div id=\"text-560168058\" class=\"text\">\n\t\t\n\n<ul>\n<li style=\"text-align: center;\">\n<h6>Beat \u0111\u1ed9c quy\u1ec1n<\/h6>\n<\/li>\n<li style=\"text-align: center;\">\n<h6>Ph\u1ed1i kh\u00ed theo d\u00f2ng nh\u1ea1c kh\u00e1ch ch\u1ecdn<\/h6>\n<\/li>\n<li>\n<h6 style=\"text-align: center;\"><span data-text-color=\"alert\"><strong><span style=\"color: #333333;\">FILE \u0110\u1ea6Y \u0110\u1ee6 \u0110\u1ec2 <\/span>Thu \u00c2m &amp; Ph\u00e1t H\u00e0nh<\/strong><\/span><\/h6>\n<\/li>\n<li style=\"text-align: center;\">\n<h6>Mix v\u00e0 Master <span data-text-color=\"alert\"><strong>CHUY\u00caN NGHI\u1ec6P<\/strong><\/span><\/h6>\n<\/li>\n<li style=\"text-align: center;\">\n<h6>PRODUCER <span data-text-color=\"alert\">\u00a010 N\u0102M Kinh Nghi\u1ec7m<\/span><\/h6>\n<\/li>\n<\/ul>\n\t\t\n<style>\n#text-560168058 {\n  font-size: 0.75rem;\n}\n<\/style>\n\t<\/div>\n\t\n\t<div id=\"gap-57794692\" class=\"gap-element clearfix\" style=\"display:block; height:auto;\">\n\t\t\n<style>\n#gap-57794692 {\n  padding-top: 30px;\n}\n<\/style>\n\t<\/div>\n\t\n\n<a class=\"button alert is-outline is-xsmall expand\"  style=\"padding:0px 0px 0px 0px;\">\n    <span>1,800,000 \u0111<\/span>\n  <\/a>\n\n\n\n\t\t<\/div>\n\t<\/div>\n\t\n\t\n\n\t\t<\/div>\n\t\t\t\t\t<\/div>\n\n\t\n\n\t<div id=\"col-1721797620\" class=\"col medium-12 small-12 large-11\"  >\n\t\t\t\t<div class=\"col-inner\"  >\n\t\t\t\n\t<div class=\"is-border\"\n\t\tstyle=\"border-color:rgb(39, 54, 71);border-width:0px 20px 20px 0px;margin:-0 -20px -20px 20px;\">\n\t<\/div>\n\t\t\t\n\n\n\t\t<div class=\"icon-box featured-box icon-box-top text-left\"  >\n\t\t\t\t<div class=\"icon-box-text last-reset\">\n\t\t\t\t\t\t\t\t\t\n\n\t<div id=\"text-1225938459\" class=\"text\">\n\t\t\n\n<h3 style=\"text-align: center;\">G\u00f3i Cao C\u1ea5p<\/h3>\n\t\t\n<style>\n#text-1225938459 {\n  font-size: 1.25rem;\n  line-height: 2;\n}\n<\/style>\n\t<\/div>\n\t\n\t<div id=\"gap-1409910762\" class=\"gap-element clearfix\" style=\"display:block; height:auto;\">\n\t\t\n<style>\n#gap-1409910762 {\n  padding-top: 10px;\n}\n<\/style>\n\t<\/div>\n\t\n\n\t<div id=\"text-286714190\" class=\"text\">\n\t\t\n\n<ul>\n<li style=\"text-align: center;\">\n<h6>Beat \u0111\u1ed9c quy\u1ec1n<\/h6>\n<\/li>\n<li>\n<h6 style=\"text-align: center;\">Beat \u0111\u1ed9c quy\u1ec1n + <span style=\"color: #d83131;\">ph\u1ed1i kh\u00ed chi ti\u1ebft, nhi\u1ec1u nh\u1ea1c c\u1ee5<\/span><\/h6>\n<\/li>\n<li>\n<h6 style=\"text-align: center;\"><span data-text-color=\"alert\"><strong><span style=\"color: #333333;\">FILE \u0110\u1ea6Y \u0110\u1ee6 \u0110\u1ec2 <\/span>Thu \u00c2m &amp; Ph\u00e1t H\u00e0nh YOUTUBE Spotify<\/strong><\/span><\/h6>\n<\/li>\n<li style=\"text-align: center;\">H\u1ed7 Tr\u1ee3 T\u01b0 V\u1ea5n Ph\u00e1t H\u00e0nh Chuy\u00ean Ngi\u1ec7p<\/li>\n<li>\n<h6 style=\"text-align: center;\">Mix v\u00e0 Master <span data-text-color=\"alert\"><strong>CHUY\u00caN NGHI\u1ec6P CAO C\u1ea4P<\/strong><\/span><\/h6>\n<\/li>\n<\/ul>\n\t\t\n<style>\n#text-286714190 {\n  font-size: 0.75rem;\n}\n<\/style>\n\t<\/div>\n\t\n\t<div id=\"gap-1394464024\" class=\"gap-element clearfix\" style=\"display:block; height:auto;\">\n\t\t\n<style>\n#gap-1394464024 {\n  padding-top: 30px;\n}\n<\/style>\n\t<\/div>\n\t\n\n<a class=\"button alert is-outline is-xsmall expand\"  style=\"padding:0px 0px 0px 0px;\">\n    <span>2,500,000 \u0111<\/span>\n  <\/a>\n\n\n\n\t\t<\/div>\n\t<\/div>\n\t\n\t\n\n\t\t<\/div>\n\t\t\t\t\t<\/div>\n\n\t\n\n\n<style>\n#row-964387351 > .col > .col-inner {\n  padding: 10% 10% 10% 10%;\n  background-color: rgb(255, 255, 255);\n}\n@media (min-width:550px) {\n  #row-964387351 > .col > .col-inner {\n    padding: 8% 8% 8% 8%;\n  }\n}\n@media (min-width:850px) {\n  #row-964387351 > .col > .col-inner {\n    padding: 14% 14% 14% 14%;\n  }\n}\n<\/style>\n<\/div>\n\n\t\t<\/div>\n\n\t\t\n<style>\n#section_679881076 {\n  padding-top: 11px;\n  padding-bottom: 11px;\n  background-color: rgb(0,0,0);\n}\n@media (min-width:550px) {\n  #section_679881076 {\n    padding-top: 80px;\n    padding-bottom: 80px;\n  }\n}\n@media (min-width:850px) {\n  #section_679881076 {\n    padding-top: 11px;\n    padding-bottom: 11px;\n  }\n}\n<\/style>\n\t<\/section>\n\t\n\t<section class=\"section\" id=\"section_2113628794\">\n\t\t<div class=\"bg section-bg fill bg-fill  \" >\n\n\t\t\t\n\t\t\t<div class=\"effect-sparkle bg-effect fill no-click\"><\/div>\n\t\t\t\n\n\t\t<\/div>\n\n\t\t<div class=\"section-content relative\">\n\t\t\t\n\n\t<div id=\"text-3296101658\" class=\"text\">\n\t\t\n\n<h3><span style=\"font-size: 75%;\">\ud83c\udfa7 \u0110\u00ecnh Nh\u1eadt Producer ( QU\u1ea2N L\u00dd H\u00d2A \u00c2M )<\/span><\/h3>\n\t\t\n<style>\n#text-3296101658 {\n  font-size: 1.05rem;\n  line-height: 0.9;\n  text-align: left;\n}\n@media (min-width:550px) {\n  #text-3296101658 {\n    font-size: 2.45rem;\n  }\n}\n@media (min-width:850px) {\n  #text-3296101658 {\n    font-size: 3.05rem;\n    line-height: 1.45;\n    text-align: right;\n  }\n}\n<\/style>\n\t<\/div>\n\t\n\t<div id=\"text-3842626273\" class=\"text\">\n\t\t\n\n<p style=\"text-align: center;\">\u201cM\u00ecnh l\u00e0 \u0110\u00ecnh Nh\u1eadt, producer, ng\u01b0\u1eddi vi\u1ebft h\u00f2a \u00e2m v\u00e0 t\u00ecm ra b\u1ea3n ph\u1ed1i ph\u00f9 h\u1ee3p nh\u1ea5t cho t\u1eebng ca kh\u00fac. V\u1edbi m\u00ecnh, m\u1ed7i b\u00e0i h\u00e1t l\u00e0 m\u1ed9t c\u00e2u chuy\u1ec7n ri\u00eang, v\u00e0 m\u00ecnh mu\u1ed1n gi\u00fap b\u1ea1n k\u1ec3 c\u00e2u chuy\u1ec7n \u0111\u00f3 b\u1eb1ng \u00e2m nh\u1ea1c. M\u00ecnh cam k\u1ebft s\u1ea3n ph\u1ea9m cu\u1ed1i c\u00f9ng v\u1eeba chuy\u00ean nghi\u1ec7p \u0111\u1ec3 ph\u00e1t h\u00e0nh, v\u1eeba gi\u1eef \u0111\u01b0\u1ee3c c\u1ea3m x\u00fac ri\u00eang c\u1ee7a b\u1ea1n.\u201d<\/p>\n\t\t\n<style>\n#text-3842626273 {\n  font-size: 0.9rem;\n  text-align: right;\n}\n@media (min-width:550px) {\n  #text-3842626273 {\n    font-size: 2rem;\n  }\n}\n<\/style>\n\t<\/div>\n\t\n<div class=\"row\" style=\"max-width:1200px\" id=\"row-2025102761\">\n\n\n\t<div id=\"col-125694399\" class=\"col medium-5 small-12 large-5\"  >\n\t\t\t\t<div class=\"col-inner\"  >\n\t\t\t\n\t\t\t\n\n\t<div id=\"gap-1502625676\" class=\"gap-element clearfix\" style=\"display:block; height:auto;\">\n\t\t\n<style>\n#gap-1502625676 {\n  padding-top: 0px;\n}\n@media (min-width:850px) {\n  #gap-1502625676 {\n    padding-top: 30px;\n  }\n}\n<\/style>\n\t<\/div>\n\t\n\n\n\t\t<\/div>\n\t\t\t\t\t<\/div>\n\n\t\n\n<\/div>\n\n\t\t<\/div>\n\n\t\t\n<style>\n#section_2113628794 {\n  padding-top: 0px;\n  padding-bottom: 0px;\n  min-height: 174px;\n}\n#section_2113628794 .section-bg.bg-loaded {\n  background-image: 616;\n}\n#section_2113628794 .section-bg {\n  background-position: 50% 100%;\n}\n@media (min-width:550px) {\n  #section_2113628794 {\n    padding-top: 0px;\n    padding-bottom: 0px;\n    min-height: 345px;\n  }\n}\n@media (min-width:850px) {\n  #section_2113628794 {\n    padding-top: 0px;\n    padding-bottom: 0px;\n    min-height: 305px;\n  }\n}\n<\/style>\n\t<\/section>\n\t\n<h1 style=\"text-align: center;\">K\u00caNH YOUTUBE C\u1ee6A M\u00ccNH<\/h1>\n<div class=\"video video-fit mb\" style=\"padding-top:42%;\"><iframe title=\"Hoa H\u1ea3i \u0110\u01b0\u1eddng (Cover) - Jack | Minh Th\u01b0 x Bob\" width=\"1020\" height=\"574\" src=\"https:\/\/www.youtube.com\/embed\/3-bWiE0B72g?feature=oembed\" frameborder=\"0\" allow=\"accelerometer; autoplay; clipboard-write; encrypted-media; gyroscope; picture-in-picture; web-share\" allowfullscreen><\/iframe><\/div>\n\n\n","protected":false},"excerpt":{"rendered":"","protected":false},"author":1,"featured_media":0,"parent":0,"menu_order":0,"comment_status":"closed","ping_status":"closed","template":"","meta":{"footnotes":""},"class_list":["post-9","page","type-page","status-publish","hentry"],"_links":{"self":[{"href":"https:\/\/dinhnhatprod.com\/index.php?rest_route=\/wp\/v2\/pages\/9","targetHints":{"allow":["GET"]}}],"collection":[{"href":"https:\/\/dinhnhatprod.com\/index.php?rest_route=\/wp\/v2\/pages"}],"about":[{"href":"https:\/\/dinhnhatprod.com\/index.php?rest_route=\/wp\/v2\/types\/page"}],"author":[{"embeddable":true,"href":"https:\/\/dinhnhatprod.com\/index.php?rest_route=\/wp\/v2\/users\/1"}],"replies":[{"embeddable":true,"href":"https:\/\/dinhnhatprod.com\/index.php?rest_route=%2Fwp%2Fv2%2Fcomments&post=9"}],"version-history":[{"count":131,"href":"https:\/\/dinhnhatprod.com\/index.php?rest_route=\/wp\/v2\/pages\/9\/revisions"}],"predecessor-version":[{"id":917,"href":"https:\/\/dinhnhatprod.com\/index.php?rest_route=\/wp\/v2\/pages\/9\/revisions\/917"}],"wp:attachment":[{"href":"https:\/\/dinhnhatprod.com\/index.php?rest_route=%2Fwp%2Fv2%2Fmedia&parent=9"}],"curies":[{"name":"wp","href":"https:\/\/api.w.org\/{rel}","templated":true}]}}