{"id":17,"date":"2023-07-31T17:06:09","date_gmt":"2023-07-31T17:06:09","guid":{"rendered":"https:\/\/bobstudio.vn\/?page_id=17"},"modified":"2025-09-11T11:09:29","modified_gmt":"2025-09-11T11:09:29","slug":"quay-mv","status":"publish","type":"page","link":"https:\/\/dinhnhatprod.com\/?page_id=17","title":{"rendered":"QUAY MV"},"content":{"rendered":"\n\n  <div class=\"banner has-hover\" id=\"banner-1324509636\">\n          <div class=\"banner-inner fill\">\n        <div class=\"banner-bg fill\" >\n            <div class=\"bg fill bg-fill \"><\/div>\n                                    \n            <div class=\"effect-sparkle bg-effect fill no-click\"><\/div>        <\/div>\n        <div class=\"banner-layers container\">\n            <div class=\"fill banner-link\"><\/div>            \n\n   <div id=\"text-box-279206210\" class=\"text-box banner-layer x50 md-x50 lg-x50 y50 md-y50 lg-y50 res-text\">\n                                <div class=\"text-box-content text dark\">\n              \n              <div class=\"text-inner text-center\">\n                  \n\n<h3 style=\"text-align: center;\"><span style=\"font-size: 75%; background-color: #000000;\">QUAY MV<span style=\"color: #00ff00;\"> PH\u00d2NG THU<\/span> ,<span style=\"color: #f99b1c;\"> NGO\u1ea0I C\u1ea2NH<\/span> ,<span style=\"color: #ff00ff;\">MV NH\u1ea0C<\/span> C\u00d3 N\u1ed8I DUNG<\/span><\/h3>\n\n              <\/div>\n           <\/div>\n                            \n<style>\n#text-box-279206210 .text-inner {\n  padding: 30px 0px 0px 0px;\n}\n#text-box-279206210 {\n  width: 100%;\n}\n#text-box-279206210 .text-box-content {\n  font-size: 100%;\n}\n@media (min-width:550px) {\n  #text-box-279206210 {\n    width: 100%;\n  }\n}\n@media (min-width:850px) {\n  #text-box-279206210 {\n    width: 77%;\n  }\n}\n<\/style>\n    <\/div>\n \n\n        <\/div>\n      <\/div>\n\n            \n<style>\n#banner-1324509636 {\n  padding-top: 86%;\n}\n#banner-1324509636 .bg.bg-loaded {\n  background-image: url(https:\/\/dinhnhatprod.com\/wp-content\/uploads\/2023\/07\/kal-visuals-uRIJcjqA8yg-unsplash-1-1024x683.jpg);\n}\n#banner-1324509636 .bg {\n  background-position: 58% 89%;\n}\n@media (min-width:550px) {\n  #banner-1324509636 {\n    padding-top: 75%;\n  }\n}\n@media (min-width:850px) {\n  #banner-1324509636 {\n    padding-top: 27%;\n  }\n}\n<\/style>\n  <\/div>\n\n\n\t<section class=\"section\" id=\"section_1669419994\">\n\t\t<div class=\"bg section-bg fill bg-fill  bg-loaded\" >\n\n\t\t\t\n\t\t\t\n\t\t\t\n\n\t\t<\/div>\n\n\t\t<div class=\"section-content relative\">\n\t\t\t\n\n<div class=\"row row-large align-equal align-center\"  id=\"row-754373921\">\n\n\n\t<div id=\"col-1353397377\" class=\"col medium-9 small-12 large-4\"  >\n\t\t\t\t<div class=\"col-inner\"  >\n\t\t\t\n\t<div class=\"is-border\"\n\t\tstyle=\"border-color:rgb(39, 54, 71);border-width:0px 20px 20px 0px;margin:20px -20px -20px 20px;\">\n\t<\/div>\n\t\t\t\n\n\n\t\t<div class=\"icon-box featured-box icon-box-top text-left\"  >\n\t\t\t\t<div class=\"icon-box-text last-reset\">\n\t\t\t\t\t\t\t\t\t\n\n\t<div id=\"text-1656179821\" class=\"text\">\n\t\t\n\n<h3 style=\"text-align: center;\">MV PH\u00d2NG THU&nbsp;<\/h3>\n\t\t\n<style>\n#text-1656179821 {\n  font-size: 1.25rem;\n  line-height: 2;\n}\n<\/style>\n\t<\/div>\n\t\n\t<div id=\"gap-2031703701\" class=\"gap-element clearfix\" style=\"display:block; height:auto;\">\n\t\t\n<style>\n#gap-2031703701 {\n  padding-top: 10px;\n}\n<\/style>\n\t<\/div>\n\t\n\n<ul>\n<li style=\"text-align: center;\">1 M\u00c1Y QUAY CHUY\u00caN NGHI\u1ec6P FULL HD<\/li>\n<li style=\"text-align: center;\">QUAY 3 G\u00d3C<\/li>\n<li style=\"text-align: center;\">H\u1eacU K\u1ef2 CHUY\u00caN NGHI\u1ec6P C\u00d3 L\u00c0M \u0110\u1eb8P DA<\/li>\n<li style=\"text-align: center;\">CH\u1ec8NH S\u1eecA 1 L\u1ea6N<\/li>\n<\/ul>\n\t<div id=\"gap-726946981\" class=\"gap-element clearfix\" style=\"display:block; height:auto;\">\n\t\t\n<style>\n#gap-726946981 {\n  padding-top: 30px;\n}\n<\/style>\n\t<\/div>\n\t\n\n<a class=\"button secondary is-outline expand\"  style=\"padding:7px 0px 7px 0px;\">\n    <span>800k<\/span>\n  <\/a>\n\n\n\n\t\t<\/div>\n\t<\/div>\n\t\n\t\n\n\t\t<\/div>\n\t\t\t\t\t<\/div>\n\n\t\n\n\t<div id=\"col-1420967408\" class=\"col medium-9 small-12 large-4\"  >\n\t\t\t\t<div class=\"col-inner\"  >\n\t\t\t\n\t<div class=\"is-border\"\n\t\tstyle=\"border-color:rgb(39, 54, 71);border-width:0px 20px 20px 0px;margin:20px -20px -20px 20px;\">\n\t<\/div>\n\t\t\t\n\n\n\t\t<div class=\"icon-box featured-box icon-box-top text-left\"  >\n\t\t\t\t<div class=\"icon-box-text last-reset\">\n\t\t\t\t\t\t\t\t\t\n\n\t<div id=\"text-3929886890\" class=\"text\">\n\t\t\n\n<h3 style=\"text-align: center;\">MV NGO\u1ea0I C\u1ea2NH<\/h3>\n\t\t\n<style>\n#text-3929886890 {\n  font-size: 1.25rem;\n  line-height: 2;\n}\n<\/style>\n\t<\/div>\n\t\n\t<div id=\"gap-2098382381\" class=\"gap-element clearfix\" style=\"display:block; height:auto;\">\n\t\t\n<style>\n#gap-2098382381 {\n  padding-top: 10px;\n}\n<\/style>\n\t<\/div>\n\t\n\n<ul>\n<li style=\"text-align: center;\"><span style=\"color: #d83131;\">\u00a0QUAY CHUY\u00caN NGHI\u1ec6P FULL HD &#8211; 4k<\/span><\/li>\n<li style=\"text-align: center;\">CH\u1eccN 1 B\u1ed0I C\u1ea2NH<\/li>\n<li style=\"text-align: center;\">QUAY 3 G\u00d3C NGO\u1ea0I C\u1ea2NH<\/li>\n<li style=\"text-align: center;\"><span style=\"color: #d83131;\"><span style=\"font-size: 11.52px;\">FLYCAM PH\u1ee4 THU 300k<\/span><\/span><\/li>\n<li style=\"text-align: center;\">H\u1eacU K\u1ef2 CHUY\u00caN NGHI\u1ec6P L\u00c0M \u0110\u1eb8P DA<\/li>\n<\/ul>\n\t<div id=\"gap-419286638\" class=\"gap-element clearfix\" style=\"display:block; height:auto;\">\n\t\t\n<style>\n#gap-419286638 {\n  padding-top: 30px;\n}\n<\/style>\n\t<\/div>\n\t\n\n<a class=\"button secondary is-outline expand\"  style=\"padding:7px 0px 7px 0px;\">\n    <span>1200k<\/span>\n  <\/a>\n\n\n\n\t\t<\/div>\n\t<\/div>\n\t\n\t\n\n\t\t<\/div>\n\t\t\t\t\t<\/div>\n\n\t\n\n\t<div id=\"col-1710829429\" class=\"col medium-9 small-12 large-4\"  >\n\t\t\t\t<div class=\"col-inner\"  >\n\t\t\t\n\t<div class=\"is-border\"\n\t\tstyle=\"border-color:rgb(39, 54, 71);border-width:0px 20px 20px 0px;margin:20px -20px -20px 20px;\">\n\t<\/div>\n\t\t\t\n\n\n\t\t<div class=\"icon-box featured-box icon-box-top text-left\"  >\n\t\t\t\t<div class=\"icon-box-text last-reset\">\n\t\t\t\t\t\t\t\t\t\n\n\t<div id=\"text-2534170868\" class=\"text\">\n\t\t\n\n<h3 style=\"text-align: center;\">MV CA NH\u1ea0C N\u1ed8I DUNG<\/h3>\n\t\t\n<style>\n#text-2534170868 {\n  font-size: 1.25rem;\n  line-height: 2;\n}\n<\/style>\n\t<\/div>\n\t\n\t<div id=\"gap-473021991\" class=\"gap-element clearfix\" style=\"display:block; height:auto;\">\n\t\t\n<style>\n#gap-473021991 {\n  padding-top: 10px;\n}\n<\/style>\n\t<\/div>\n\t\n\n<ul>\n<li style=\"text-align: center;\">\u00a0<span style=\"color: #d83131;\">QUAY FULL HD &#8211; 4k<\/span><\/li>\n<li style=\"text-align: center;\"><span style=\"color: #d83131;\">C\u00d3 K\u1ecaCH B\u1ea2N &#8211; C\u00d3 N\u1ed8I DUNG<\/span><\/li>\n<li style=\"text-align: center;\">C\u00c1C D\u1ee4NG C\u1ee4 H\u1ed6 TR\u1ee2 : \u0110\u00c8N , GIMBAL<\/li>\n<li style=\"text-align: center;\">H\u1eacU K\u1ef2 CHUY\u00caN NGHI\u1ec6P<\/li>\n<li style=\"text-align: center;\">CH\u1ec8NH S\u1eecA 2 L\u1ea6N\u00a0<\/li>\n<li style=\"text-align: center;\">THU\u00ca DI\u1ec4N VI\u00caN (NAM\/N\u1eee)PH\u1ee4 THU <span style=\"color: #ed1c24;\">1000k<\/span>\/ NG\u01af\u1edcI<\/li>\n<li style=\"text-align: center;\"><span style=\"color: #d83131;\"><b>FLYCAM PH\u1ee4 THU 500k<\/b><\/span><\/li>\n<\/ul>\n\t<div id=\"gap-1310101373\" class=\"gap-element clearfix\" style=\"display:block; height:auto;\">\n\t\t\n<style>\n#gap-1310101373 {\n  padding-top: 30px;\n}\n<\/style>\n\t<\/div>\n\t\n\n<a class=\"button secondary is-outline expand\"  style=\"padding:7px 0px 7px 0px;\">\n    <span>3000k<\/span>\n  <\/a>\n\n\n\n\t\t<\/div>\n\t<\/div>\n\t\n\t\n\n\t\t<\/div>\n\t\t\t\t\t<\/div>\n\n\t\n\n\n<style>\n#row-754373921 > .col > .col-inner {\n  padding: 10% 10% 10% 10%;\n  background-color: rgb(255, 255, 255);\n}\n@media (min-width:550px) {\n  #row-754373921 > .col > .col-inner {\n    padding: 8% 8% 8% 8%;\n  }\n}\n@media (min-width:850px) {\n  #row-754373921 > .col > .col-inner {\n    padding: 14% 14% 14% 14%;\n  }\n}\n<\/style>\n<\/div>\n\n\t\t<\/div>\n\n\t\t\n<style>\n#section_1669419994 {\n  padding-top: 75px;\n  padding-bottom: 75px;\n  background-color: rgb(0,0,0);\n}\n@media (min-width:550px) {\n  #section_1669419994 {\n    padding-top: 80px;\n    padding-bottom: 80px;\n  }\n}\n@media (min-width:850px) {\n  #section_1669419994 {\n    padding-top: 130px;\n    padding-bottom: 130px;\n  }\n}\n<\/style>\n\t<\/section>\n\t\n\n","protected":false},"excerpt":{"rendered":"","protected":false},"author":1,"featured_media":0,"parent":0,"menu_order":0,"comment_status":"closed","ping_status":"closed","template":"","meta":{"footnotes":""},"class_list":["post-17","page","type-page","status-publish","hentry"],"_links":{"self":[{"href":"https:\/\/dinhnhatprod.com\/index.php?rest_route=\/wp\/v2\/pages\/17","targetHints":{"allow":["GET"]}}],"collection":[{"href":"https:\/\/dinhnhatprod.com\/index.php?rest_route=\/wp\/v2\/pages"}],"about":[{"href":"https:\/\/dinhnhatprod.com\/index.php?rest_route=\/wp\/v2\/types\/page"}],"author":[{"embeddable":true,"href":"https:\/\/dinhnhatprod.com\/index.php?rest_route=\/wp\/v2\/users\/1"}],"replies":[{"embeddable":true,"href":"https:\/\/dinhnhatprod.com\/index.php?rest_route=%2Fwp%2Fv2%2Fcomments&post=17"}],"version-history":[{"count":48,"href":"https:\/\/dinhnhatprod.com\/index.php?rest_route=\/wp\/v2\/pages\/17\/revisions"}],"predecessor-version":[{"id":680,"href":"https:\/\/dinhnhatprod.com\/index.php?rest_route=\/wp\/v2\/pages\/17\/revisions\/680"}],"wp:attachment":[{"href":"https:\/\/dinhnhatprod.com\/index.php?rest_route=%2Fwp%2Fv2%2Fmedia&parent=17"}],"curies":[{"name":"wp","href":"https:\/\/api.w.org\/{rel}","templated":true}]}}